{"id":8,"date":"2017-03-29T17:54:16","date_gmt":"2017-03-29T17:54:16","guid":{"rendered":"http:\/\/dorfgemeinschaft.berkach.de\/?page_id=8"},"modified":"2018-06-02T14:44:18","modified_gmt":"2018-06-02T12:44:18","slug":"kontakt","status":"publish","type":"page","link":"http:\/\/dorfgemeinschaft.berkach.de\/?page_id=8","title":{"rendered":"Kontakt"},"content":{"rendered":"<p>Dorfgemeinschaft Berkach e.V.<\/p>\n<p>B\u00fcttelborner Stra\u00dfe 9a<br \/>\n64521 Gro\u00df-Gerau<\/p>\n<p>E-Mail: <a href=\"mailto:dorfgemeinschaft@berkach.de\">dorfgemeinschaft@berkach.de<\/a><br \/>\nTelefon: +49 6152\/910215<br \/>\n&nbsp;<\/p>\n","protected":false},"excerpt":{"rendered":"<p>Dorfgemeinschaft Berkach e.V. B\u00fcttelborner Stra\u00dfe 9a 64521 Gro\u00df-Gerau E-Mail: dorfgemeinschaft@berkach.de Telefon: +49 6152\/910215 &nbsp;<\/p>\n","protected":false},"author":1,"featured_media":0,"parent":0,"menu_order":0,"comment_status":"closed","ping_status":"closed","template":"","meta":[],"_links":{"self":[{"href":"http:\/\/dorfgemeinschaft.berkach.de\/index.php?rest_route=\/wp\/v2\/pages\/8"}],"collection":[{"href":"http:\/\/dorfgemeinschaft.berkach.de\/index.php?rest_route=\/wp\/v2\/pages"}],"about":[{"href":"http:\/\/dorfgemeinschaft.berkach.de\/index.php?rest_route=\/wp\/v2\/types\/page"}],"author":[{"embeddable":true,"href":"http:\/\/dorfgemeinschaft.berkach.de\/index.php?rest_route=\/wp\/v2\/users\/1"}],"replies":[{"embeddable":true,"href":"http:\/\/dorfgemeinschaft.berkach.de\/index.php?rest_route=%2Fwp%2Fv2%2Fcomments&post=8"}],"version-history":[{"count":5,"href":"http:\/\/dorfgemeinschaft.berkach.de\/index.php?rest_route=\/wp\/v2\/pages\/8\/revisions"}],"predecessor-version":[{"id":665,"href":"http:\/\/dorfgemeinschaft.berkach.de\/index.php?rest_route=\/wp\/v2\/pages\/8\/revisions\/665"}],"wp:attachment":[{"href":"http:\/\/dorfgemeinschaft.berkach.de\/index.php?rest_route=%2Fwp%2Fv2%2Fmedia&parent=8"}],"curies":[{"name":"wp","href":"https:\/\/api.w.org\/{rel}","templated":true}]}}